be i(-16). Let a(l) = l**2 + 17. Let d be a(b). Let w = d + -14. List the prime factors of w.
199
Suppose 157145 + 4933489 = 186*y. List the prime factors of y.
3, 3041
Let b(u) = 2*u**2 + 7*u + 7. Let k be b(-3). Let z be (1/k - 2)/((-1)/(-4)). Let h(a) = -a**3 - 3*a**2 + 8*a + 7. What are the prime factors of h(z)?
3, 7
Suppose -b - 4 = -4*v - 36, 3*b = 12. Let u(t) = 8*t**2 - 6*t + 17. What are the prime factors of u(v)?
11, 41
Suppose 128*f - 125*f + 48 = 0. What are the prime factors of f/(-88) - (-19633)/11?
3, 5, 7, 17
Let f(p) = 2*p**2 - 8*p + 5. Suppose 0 = d - 0 - 4. Let k be f(d). Suppose -10 = -k*g, -4*n + g - 51 = -273. What are the prime factors of n?
2, 7
Suppose -3*u - 7608 = -5*h, -4*u = h - 3*u - 1528. Suppose -335*n = -332*n - h. What are the prime factors of n?
2, 127
Let j(z) = -13*z - 5 - 14 - 6. Let i be j(-4). Suppose i = h + 8. What are the prime factors of h?
19
Let x(l) be the second derivative of -l**5/20 - 7*l**4/12 - 11*l**3/6 - 3*l**2 - 17*l. Let w be x(-8). Suppose a - 3*a = -w. What are the prime factors of a?
73
Suppose 3*z + 2*r = 25008, 0 = -4*z - 30*r + 29*r + 33354. What are the prime factors of z?
2, 3, 5, 139
Suppose 25*a - 30*a = 0. What are the prime factors of 692 + a - (-5 - 3/(-1))?
2, 347
Let b be 56/10 - (-50)/125. Let z = 54 - b. Suppose -c + 33 = -z. List the prime factors of c.
3
Suppose -8*a + 169 = -7959. List the prime factors of a.
2, 127
Suppose 0 = 38*d - 191890 - 266238. List the prime factors of d.
2, 11, 137
Let f = -64 - -33. Let d(j) = j**2 + 16*j - 85. Let x be d(-22). Let m = f + x. List the prime factors of m.
2
Let b = 11047 - 5672. What are the prime factors of b?
5, 43
Let r be (8/16)/((-5)/(-2270)). Suppose -r = -4*a + 465. What are the prime factors of a?
173
Suppose -3*y - 4*v - 1690 = -10384, 0 = 4*y + 5*v - 11593. Suppose 3*x = 5*k + y, 1997 + 2881 = 5*x + 2*k. What are the prime factors of x?
2, 487
Let w = -4695 - -8696. List the prime factors of w.
4001
Let f(d) = -d**2 - 12*d + 20. Let c be f(-13). Suppose -c*t + 2*t + 2350 = 0. Suppose 4*o + 2*l - t = 0, -o + 110 = l + l. List the prime factors of o.
2, 3, 5
Let d = 39027 + 7920. List the prime factors of d.
3, 15649
Let b = 176 + -90. List the prime factors of b/(7 + (-917)/133).
19, 43
Suppose 10*b + 29078 = 5*g + 7*b, 4*g - 23224 = -4*b. What are the prime factors of g?
2, 1453
Suppose -3*v + 4*c + 14417 = -19058, 5*v - 55805 = 4*c. List the prime factors of v.
5, 7, 11, 29
Let f be (3 - (5 + -3))/(0 - -1). What are the prime factors of (28/(-6) + 5)/(f/1758)?
2, 293
Let h be (-2)/(-4) + (-3 + -2)/10. Suppose 0 = -4*s - h*s + 16. Suppose 4*r - 3*j + 30 = 193, -s*j + 116 = 3*r. List the prime factors of r.
2, 5
Let h = -150 + -819. Let p = h + 1366. What are the prime factors of p?
397
Suppose 64*k = 61*k + 54. Suppose 0 = k*u - 20341 + 6211. List the prime factors of u.
5, 157
Let o(i) = 1 - i**2 + 13*i - 3 - 2*i - i**2. Let z be o(5). Suppose -5*v = 3*j - 267, -2*v - 51 = -z*v - 3*j. What are the prime factors of v?
2, 3
Suppose -32 = 4*g + 8. Let d(n) be the third derivative of n**5/60 - 5*n**4/24 - 41*n**3/6 + 34*n**2 - 5*n. What are the prime factors of d(g)?
109
Suppose 3009108 = 96*z - 3*z. What are the prime factors of z?
2, 8089
Suppose -3*m = -0*m - 15. Let o = m + 4. Suppose -o*b + 5*b = -320. List the prime factors of b.
2, 5
Let r = -13 - -21. Let c(q) = 1 - 3*q**3 + 4 - r - 5*q**2. List the prime factors of c(-4).
109
Let s be (-262)/(-22) - ((-858)/121 + 7). List the prime factors of ((s/15)/1)/((-110)/(-160325)).
2, 11, 53
Let t(r) = -3624*r**3 + r**2 - 35*r - 67. List the prime factors of t(-2).
47, 617
Suppose -39*y - 54*y = 7*y - 675700. What are the prime factors of y?
29, 233
Let h(w) = 568*w - 2472. List the prime factors of h(18).
2, 3, 17, 19
Suppose 4*s + 32 = -4*h, h + 2*h + 6 = 3*s. List the prime factors of (330/(-4))/(1*s/6).
3, 5, 11
Suppose 15*s - 180928 = -s. Suppose -s - 36452 = -60*r. List the prime factors of r.
2, 199
Suppose 0 = -4*l - 2129 - 67. Let h = l - -926. What are the prime factors of h?
13, 29
Let i = 75 + -75. Let a(z) = -z**3 + z**2 - 5*z + 409. What are the prime factors of a(i)?
409
Let f(c) = 6*c - 19. Let j be f(4). Suppose 0 = -4*n - 4*p + 12, p + 4*p = -j. Suppose -3*m = 3*i - 435, -5*i - n*m = -0*i - 723. List the prime factors of i.
11, 13
Let u(w) = -9*w - 167. Let o be u(-24). Suppose -3*m - j = -3557, o*m - j = 45*m + 4738. List the prime factors of m.
3, 5, 79
Suppose 3*c + 17667 = 4*v, -392*v + 389*v + 13244 = -c. List the prime factors of v.
3, 1471
Suppose -12*v - 4*m = -11*v - 228, -666 = -3*v - 3*m. Suppose -5*t = 3*d - 122, 2*d - 5*t = 7*d - v. What are the prime factors of d?
7
Let g = 9 - 12. Let u be 2 + 0*g/(-6). Suppose u*x + 3*b - 225 = -0*b, 0 = -5*b - 15. List the prime factors of x.
3, 13
Suppose -f = a - 42119, -3*f + 8*f - a = 210553. List the prime factors of f.
2, 7, 47
Suppose -4*j - 18 = -d, 8 = -0*d - 2*d - 3*j. Suppose -v - 372 - 827 = -d*t, 5 = 5*v. Suppose 13*r - t = 5*r. What are the prime factors of r?
3, 5
What are the prime factors of 0 + 8 + 0 + (-85893)/(-3) + -4?
3, 5, 23, 83
Let l = 39 - 42. Let x(i) = -6*i**3 - 12*i**2 - 7*i - 4. Let o be x(l). Let v = 107 - o. What are the prime factors of v?
2, 3
Let c be -1 - 100/(-10) - (-1 + 5). Suppose -4*t + c*y = -3593, 5*t - 3*y = 8*t - 2688. What are the prime factors of t?
3, 13, 23
Let k be 2/(-4)*14 - (-306 + 77). Suppose -2*t + 124 = 2*q, -3*q - 137 - 157 = -5*t. Let g = k - t. What are the prime factors of g?
2, 3
Let h be (-12)/54 - 424/36. Let z(t) = t - 29. Let c be z(h). What are the prime factors of -15*(c - 3)/4?
3, 5, 11
Let p(r) = -8*r**2 + 9*r + 7269. What are the prime factors of p(0)?
3, 2423
Suppose 4*l - 2*l - 5*j = 81317, 16*l - 5*j - 650711 = 0. List the prime factors of l.
3, 4519
Suppose 3*w - 66*t - 484 = -62*t, -3*t - 323 = -2*w. What are the prime factors of w?
2, 5
Let w be 375/135 - (-2 - 16/(-9)). Suppose 3*d + w*k + 20 - 1169 = 0, 3*k - 1919 = -5*d. What are the prime factors of d?
5, 7, 11
Suppose 0 = 9*s - 5*s + 152. List the prime factors of (s*10/(-30))/(2/24).
2, 19
Let z(i) = i**3 - 34*i**2 + 35*i - 62. Let w be z(33). Suppose 0 = -w*n - 4*g + 1464, -n - 4*g + g + 358 = 0. What are the prime factors of n?
2, 5, 37
Suppose 5*l - 22 = 2*r, -2*l - 2*r - 6 = -3*l. Let o be ((-284)/4)/(l/(-4)). Suppose -y + 12 + o = 0. List the prime factors of y.
83
Let c(z) = -56*z**3 - 12*z**2 - 105*z + 5. List the prime factors of c(-6).
7, 251
Let q(k) = 3*k**3 - 5*k**2 - 7*k + 15. Let n be q(2). List the prime factors of 564/2 + 2 - 10/n.
2, 3, 47
Let c = -5505 + 12585. Suppose -5*x = -c + 145. What are the prime factors of x?
19, 73
Suppose -14*t + 181719 = -116*t + 714057. What are the prime factors of t?
17, 307
Let w(j) = j**2 - 6*j - 27. Let b be w(-3). List the prime factors of 10/(-95) + b + (-10376)/(-19).
2, 3, 7, 13
Suppose -627 = -q - 5*t, -2*q + 0*q + 1266 = -2*t. Let c be ((-66)/4)/(-6 - (-9)/2). Suppose -16 = c*g - q. List the prime factors of g.
2, 7
Suppose -4*m = -4*g + 7040, 40*g - 3*m + 3540 = 42*g. List the prime factors of g.
2, 3, 7
Let c(p) = 7*p - 9. Let g = 10 + 15. Let y = g - 21. List the prime factors of c(y).
19
Let k(y) = -72 - 13 - 29 - 26*y. What are the prime factors of k(-37)?
2, 53
Let y(t) = -t**2 + 27*t - 24. Let m be y(26). Suppose 3*l - 5*l + 45 = -x, 0 = -5*l - m*x + 108. List the prime factors of l.
2, 11
Suppose -485 = 3*k + 4*n, 2*n + 486 = -3*k - n. Let z = -112 - k. List the prime factors of z.
3, 17
Let y(w) = -15*w**2 - 54*w + 34. Let q(f) = -13*f**2 - 51*f + 35. Let v(u) = -7*q(u) + 6*y(u). List the prime factors of v(24).
1327
Let o = -14927 + 22495. What are the prime factors of o?
2, 11, 43
Let s(u) = 404*u**2 - 420*u - 2943. List the prime factors of s(-7).
19793
Suppose 7*n + 0 = 7. What are the prime factors of 7 + (6 + 1070 - n)?
2, 541
Let w be 3/(-2)*(-4)/3*-6. Let t(i) = -i**3 - 11*i**2 - 10*i + 10. Let z be t(w). Let s = z - 157. What are the prime factors of s?
3, 13
Suppose 214*r = 40*r + 1272288. What are the prime factors of r?
2, 457
Suppose 5*h - 4*v - 101406 = 0, 0 = -3*h + 72*v - 70*v + 60842. List the prime factors of h.
2, 10139
Suppose 0 = 26*k + 13*k + 3*k - 187530. What are the prime f